0*(-84)/15. Let m(c) = c + 21. Let n be m(0). What is the highest common factor of n and x?
7
Let x = -11 + 15. Suppose c = -x*c - 5, 4*c + 20 = -4*r. Let l(v) = v**3 + 3*v**2 - 4*v + 2. Let d be l(r). Calculate the greatest common factor of 4 and d.
2
Suppose 200 = 3*u + 2*u. Calculate the greatest common factor of 5 and u.
5
Let k = 1 - -14. Calculate the greatest common divisor of 6 and k.
3
Let q = 5 - 1. Let k be -1 - (4/2)/(-2). Suppose 3*h - 36 = -k*h. Calculate the greatest common factor of h and q.
4
Suppose 5*p = -k + 87 + 39, -4*k - 71 = -3*p. What is the highest common factor of p and 100?
25
Suppose 2*h - 12 - 12 = 2*n, -5*n = -h + 24. Calculate the greatest common divisor of h and 18.
9
Let m be 554/8 + 6/8. What is the greatest common factor of m and 14?
14
Let p = 22 - 16. Calculate the greatest common factor of p and 2.
2
Suppose 4 - 29 = -5*h. Suppose 11 = m + h*o, -o - 2*o = -3. Calculate the greatest common divisor of 30 and m.
6
Let g = 44 + 36. Calculate the greatest common factor of g and 16.
16
Let i be (-36)/42*14/(-2). Let f = 148 + -94. What is the highest common divisor of i and f?
6
Let i = 59 + 71. What is the greatest common divisor of 52 and i?
26
Let f(m) = 21*m**3 - 2*m**2 + 3*m - 1. Let a be f(1). What is the greatest common divisor of 28 and a?
7
Suppose -5*c + 96 = -c. Suppose 2*r + 298 = 4*p, 159 = 5*p - r - 206. Calculate the greatest common divisor of c and p.
24
Suppose 2*n - 4*n + 112 = 0. What is the highest common divisor of n and 84?
28
Let k(t) = -3 + 12 - t + 3*t. Let s be k(8). What is the highest common factor of s and 5?
5
Suppose 0 = -3*u + 2*u + 30. Suppose 9 = t - u. Calculate the greatest common divisor of 26 and t.
13
Suppose 64 = -13*q + 17*q. Suppose 0 = -5*p + 550 + 90. Suppose 0*o - p = -2*o. What is the highest common factor of q and o?
16
Let l(x) = x**2 - 12*x + 15. Let i be l(11). Suppose -5 + 13 = i*p. What is the greatest common divisor of p and 14?
2
Suppose -3*c + 3*x - 1 = c, -2*c = x - 7. Suppose 3*l = -2*z - 2, 2*z = -c*l - 2*l - 6. What is the greatest common divisor of 10 and z?
5
Let y(o) = -24*o + 21. Let g be y(-3). Calculate the highest common divisor of 62 and g.
31
Let q be (-412)/(-8) - 3/2. Calculate the greatest common divisor of q and 20.
10
Let y be (10/2)/(2/8). Let s(a) = -a**3 + 7*a**2 - 5*a + 1. Let k be s(6). Let w(q) = 31*q + 3. Let x be w(k). What is the highest common divisor of x and y?
20
Let i = 179 + -163. Calculate the highest common factor of 2 and i.
2
Let z be 3/(-1) + 23 + 1/1. Calculate the highest common divisor of z and 231.
21
Let g(t) = t**2 - 2*t + 2. Let j be g(5). Let r = -91 + 142. What is the highest common divisor of r and j?
17
Let s = 640 - 451. What is the highest common divisor of 21 and s?
21
Let d(o) = o**3 + 4*o**2 + 2*o - 5. Let x be d(3). Calculate the highest common factor of 8 and x.
8
Let q = -9 - -24. Suppose 0 = -p - 4*t + q + 13, 0 = -5*p - 4*t + 76. Let n = -17 - -35. What is the greatest common divisor of n and p?
6
Let p be (-72)/(-14)*(-2 - -9). Suppose 0 = -4*v - 0*v. Suppose v = c + h, 4*c - h - 20 = -0*c. Calculate the greatest common divisor of c and p.
4
Suppose 51 = -k - 2*v + 206, 635 = 4*k + 5*v. Calculate the greatest common factor of 15 and k.
15
Let t(m) = -24*m - 2. Let k be t(-1). What is the highest common factor of k and 2?
2
Let m = 220 - 150. Suppose 0 = -5*o + m - 10. What is the highest common factor of 6 and o?
6
Let d = 27 + 72. Calculate the greatest common factor of d and 11.
11
Let q(y) = -y**3 + 6*y**2 - 7*y + 7. Let a be q(5). Let z be (14/(-2))/(a/6). Let r = 26 - z. Calculate the greatest common divisor of 18 and r.
6
Let x(r) = -2*r - 4. Let y be x(-4). Suppose -s + y*t = -8, 0*s + 2*s = -t + 34. Calculate the highest common factor of s and 16.
16
Let q = -119 + 209. Let r = 30 + -28. Let n be (8 + r)*(-3 + 4). What is the highest common factor of n and q?
10
Let m be (-3 + 7 - 4) + 24. Let h = m + -20. Calculate the highest common divisor of h and 36.
4
Let v be 2/3 - 44/(-6). Suppose -5*b + 4*y + 76 = 0, -5*b - 52 = -9*b + y. Calculate the greatest common factor of v and b.
4
Suppose 0 = -a - 3*i + 24, -4*i + 63 - 16 = 3*a. Let k(d) = 2*d + a*d**2 + d - 3*d. Let c be k(-1). What is the highest common divisor of c and 45?
9
Let z be (-20)/(-2) - (-1)/(-1). Suppose 4*q - 3*h = -8, 2*q + 10 = -0*q + 3*h. Calculate the highest common divisor of q and z.
1
Let j(q) = -q**3 - 4*q**2 - 3*q + 3. Let d be j(-3). What is the highest common factor of 21 and d?
3
Let d = -16 - -44. Calculate the highest common divisor of 49 and d.
7
Let g(t) = -49*t**3 - 1. Let m(k) = -k - 3. Let f be m(-2). Let w be g(f). Calculate the greatest common divisor of w and 16.
16
Let j(p) = 11*p**2 - 3*p. Let m be j(-2). Calculate the greatest common factor of 125 and m.
25
Suppose -306 + 26 = -5*h. Suppose 26*f - 25*f - 12 = -2*y, 0 = y - 5*f - 17. Calculate the greatest common divisor of h and y.
7
Let v be 26/6 - (-2)/3. Let l be 173/v + 6/15. Suppose z = 6*z - l. Calculate the highest common divisor of 7 and z.
7
Suppose -4*d + 4 = -2*d. Suppose d*o = -3*l + 6, -l + 0*l - 22 = -2*o. Calculate the highest common factor of o and 36.
9
Let g = 3 + -5. Let b be (-575)/(-65) + g/(-13). Calculate the greatest common factor of b and 81.
9
Let f = -267 - -383. Suppose -18 = -i + 5*w, 0*w + 18 = 4*i - 2*w. Let q be 2 + f*i/2. What is the greatest common divisor of q and 16?
16
Suppose 3 = w + 4*m, w = -3*w - 3*m + 25. Let q be w + -1*(2 + -1). Let t be (-4 + (-27)/(-6))*12. What is the highest common divisor of q and t?
6
Suppose 0 = 5*l + d - 0 - 18, -2*d + 15 = 3*l. Let k(b) = -b**3 - 5*b**2 - 5*b - 3. Let f be k(-4). Calculate the highest common factor of f and l.
1
Let m be -3*13/(-3) - -3. Calculate the highest common factor of m and 112.
16
Let j = -228 + 234. Suppose 4*q + 2*u - 54 = 0, -1 - 59 = -5*q - 5*u. Calculate the greatest common divisor of q and j.
3
Suppose 0 = 3*s - 0*s - 327. Let z be 10/(-45) - 38/(-9). Suppose -q + z*o = -o - s, 4*o + 305 = 3*q. What is the greatest common divisor of 11 and q?
11
Let j be 62*1 + -1 + -2. Let h = 101 - j. Suppose -3*n + 12 = 3*f, -4*f + 2*f + 2 = n. Calculate the highest common divisor of h and n.
6
Let z = -47 + 101. Let h be (-1 + 0)*-4*4. Suppose -10 = -4*j + o + h, -j + 2*o + 10 = 0. What is the greatest common factor of j and z?
6
Let q be (1 - 0 - 1) + 95. Let j = 139 - 89. Suppose k - w = 42, -2*w - w - j = -k. Calculate the highest common divisor of k and q.
19
Let g(w) = -8*w - 2. Let i be g(-2). Suppose y + 0 = 2. Suppose -y*d - 3*o = 2*o - 109, 200 = 5*d - 2*o. What is the highest common factor of d and i?
14
Let g(q) = 16*q - 48. Let z be g(5). Calculate the greatest common factor of 32 and z.
32
Let h = 2 - -43. Suppose -h = -8*j + 3*j. Calculate the greatest common factor of 3 and j.
3
Suppose -4*a = 5*z - 19, -3*z + 6 + 0 = -3*a. Let q = 5 + z. Calculate the highest common divisor of 88 and q.
8
Let w be 31 + (0 + 1)/(-1). Let a = w + -18. Let c(b) = b**2 - 1. Let g be c(-2). What is the highest common divisor of g and a?
3
Let q(j) be the first derivative of j**4/4 + 14*j**3/3 + 4*j**2 - 5*j + 5. Let u be q(-13). Let n = -27 - -39. What is the greatest common divisor of n and u?
12
Suppose 2*s + 2*a - 7 + 3 = 0, -3*s - 4*a = -3. Suppose -55 + 10 = -3*p - s*c, -4*c = 4*p - 68. What is the highest common factor of p and 10?
10
Suppose 4*r + 2*x - 24 = 152, -5*r - 5*x = -215. Calculate the highest common divisor of r and 9.
9
Let z(j) = -j**3 - 5*j**2 + j + 6. Let m be z(-5). What is the highest common divisor of m and 1?
1
Suppose -3 = -2*l + 37. What is the greatest common factor of l and 4?
4
Suppose 4*u + 252 = 8*u. Suppose 0 = -r - 7 + u. Calculate the greatest common divisor of 14 and r.
14
Let x be 2 - (-2 - -5 - 0). Let y(d) = -9*d. Let t be y(x). Calculate the greatest common factor of 72 and t.
9
Suppose -5*k = r - 131, -393 = -4*r + r - 4*k. Let g = -1 - -1. Let d be 1 + r*(1 + g). What is the greatest common factor of d and 12?
12
Suppose 4*y - 33 = y. Let x = -7 + y. Suppose -x*t = -5 - 67. What is the greatest common divisor of t and 90?
18
Let o = 8 + -8. Let a(s) = -s**2 + 7*s - 1. Let n be a(6). Suppose o = 2*z - n - 163. Calculate the